nder when g is divided by i.
53
Let y(g) be the third derivative of 0*g**5 + 1/8*g**4 + 0 + 1/120*g**6 + 0*g - 1/6*g**3 + 30*g**2. Calculate the remainder when 136 is divided by y(3).
31
Let s(y) = 136*y**2 - 69*y - 5. What is the remainder when s(-6) is divided by 177?
172
Let m(c) = c**3 + 2*c**2 - 19*c - 11. Let v be m(-7). Calculate the remainder when 285 is divided by v*((-25)/3 - -8).
39
Suppose -345 = 16*b - 41*b + 130. Suppose 22 = -4*m + 302. What is the remainder when m is divided by b?
13
Let d(r) be the first derivative of 22*r**3/3 - r**2/2 - r - 7. Let x be 0 - 1 - ((-40)/(-10))/(-2). What is the remainder when 77 is divided by d(x)?
17
Let z(l) = -67*l**2 - 2*l - 2. Let j be z(-1). Let i = -49 - j. Calculate the remainder when (i/(-9) - 56/(-6))*12 is divided by 23.
19
Suppose -5*v - 2 + 12 = 0. Suppose v*m - 17 = -x, -7*x - 4*m = -2*x - 97. Calculate the remainder when 2121/35 + (2 - 13/5) is divided by x.
18
Suppose 147*b + 138*b - 6028 - 7367 = 0. Calculate the remainder when 307 is divided by b.
25
Let z(c) = c + 17. Let p be z(0). Suppose 13*w = -8*w + 2751. Suppose -2*a + w + p = 4*n, 4*n = -a + 82. Calculate the remainder when a is divided by 23.
20
Let x = 382 + -337. Suppose x*b - 46*b + 72 = 0. Calculate the remainder when b is divided by 40.
32
Suppose 0 = 5*s + f - 85, -40*f - 49 = -4*s - 37*f. What is the remainder when 2111 is divided by s?
15
Let i(u) be the first derivative of 7*u**2 + 113*u - 114. What is the remainder when i(-7) is divided by 11?
4
Let g(z) = 103*z - 566. What is the remainder when g(10) is divided by 39?
35
Let v(d) = -2*d**2 + 55*d + 152. What is the remainder when 1109 is divided by v(30)?
1
What is the remainder when 6/10 - -58*1266/20 is divided by 105?
102
Let t = 339 - 336. Suppose 3*y + 5*r = -68 + 483, r + 439 = t*y. What is the remainder when y is divided by 49?
47
Let b = -3422 - -3469. What is the remainder when 1455 is divided by b?
45
Let t(j) = 2*j + 161. Let b be t(-34). Suppose -46 = -2*z + 4*c, 4*z + c - b = -z. Calculate the remainder when 141 is divided by z.
8
Suppose 73 = 22*y - 15. Suppose -3*r + k = -57, y*r - 86 = -6*k + 4*k. Calculate the remainder when 79 is divided by r.
19
Suppose -2*v + 52 = 4*d - 2*d, 5*d = 25. Let l = -17 + v. Let z = l - -8. What is the remainder when 69 is divided by z?
9
Suppose -17 = -2*u - 0*g - g, -9 = -3*g. Suppose 17 = v - d, 0*v = v - 3*d - u. What is the remainder when 106 is divided by v?
18
Calculate the remainder when (-1092475)/(-979) + (1/(-4))/((-44)/16) is divided by 123.
9
Suppose 0 = 4*g + 2*t - 5378, 5*t - 8709 + 1999 = -5*g. Calculate the remainder when g is divided by 447.
6
Let d = -80 - -82. Suppose -3*s - 98 + 140 = 0. Calculate the remainder when (41/2)/((-15)/(-6) - d) is divided by s.
13
Suppose -5*l = -10*m + 14*m - 2771, 9*m = l - 466. What is the remainder when l is divided by 74?
29
Let t be (12/18)/(2/12). Suppose 7*a - t*a = 5*m - 396, 0 = m - 4*a - 69. What is the remainder when m is divided by 3?
0
Suppose 6*v - 53 = -2*d + 5*v, 0 = -d + v + 25. What is the remainder when 357 is divided by d?
19
Let j(a) = 47*a - 6035. What is the remainder when 913 is divided by j(130)?
13
Let i(z) = 4*z**3 - z**2 - 20. Calculate the remainder when i(4) is divided by 79.
62
Let h = 87 + -62. Suppose 4*c = 6*c + 6*t - 104, -3*c + 233 = -2*t. What is the remainder when c is divided by h?
23
Calculate the remainder when 262 is divided by -15 + (-15)/12*-4 + 251.
21
Suppose 5*j + 8220 = 3*p + 1496, 0 = p + 3*j - 2218. Calculate the remainder when p is divided by 52.
49
Let f = 63 - -43. Let s = 241 - f. What is the remainder when s is divided by 73?
62
Suppose 62 = x - 2*l, 53*x - 6*l - 62 = 52*x. Calculate the remainder when 920 is divided by x.
52
Let d = 5 - -61. Suppose 10 = -32*s + 30*s, 31 = 4*l + 5*s. What is the remainder when d is divided by l?
10
Suppose 3*k = 4*p + 16496, -4 - 36 = 5*p. Calculate the remainder when k is divided by 11.
10
Let f = 307 - -55. Let q = f - 281. Let l(h) = -h**2 - 11*h - 2. Calculate the remainder when q is divided by l(-8).
15
Let x(u) = 2*u**2 - 6*u - 10. Suppose -2043*c = -2053*c + 370. What is the remainder when x(7) is divided by c?
9
Let g = -11 + 25. Let w = g + -6. Calculate the remainder when (-12)/((-240)/550) - (-3)/2 is divided by w.
5
Let t = -195 - 87. Let a = -114 - t. Calculate the remainder when a is divided by 19.
16
Let a(h) = -3*h**3 + 207*h**2 + 216*h - 309. Calculate the remainder when 716 is divided by a(70).
50
Let p = -33 - 142. What is the remainder when 115 is divided by (26/91)/((-1)/p)?
15
Suppose -75*m + 1877 = -404*m + 119659. Calculate the remainder when m is divided by 101.
55
Let d(y) = 215*y**3 + 2*y - 1. Let g = 1375 - 1355. Calculate the remainder when d(1) is divided by g.
16
Let k(j) = -4*j**3 - 176*j**2 + j + 643. What is the remainder when k(-44) is divided by 75?
74
Let f(i) = 5*i - 369. Calculate the remainder when 88 is divided by f(80).
26
Let c(a) = -6*a - 21. Let n(y) = -12*y - 44. Let h(r) = -5*c(r) + 2*n(r). Calculate the remainder when h(7) is divided by 20.
19
Let m(o) = 5*o**3 + 3*o**2 - 3*o + 4. Let g be m(2). Suppose 5*k + g = 6*k. Let y = -41 + k. Calculate the remainder when y is divided by 2.
1
Let j(h) = 14*h + 16*h - 35*h + 101 + 73. Calculate the remainder when 134 is divided by j(33).
8
What is the remainder when 105 is divided by 4/((-6 - 3)/72*(-1 + 0))?
9
Suppose -3*r - 2*g + 213 = 0, 2*r - 11*g = -6*g + 123. What is the remainder when 273 is divided by r?
66
Let j(c) = -c**2 + 33*c + 22. Let b be j(32). Suppose -2*h + 72 - b = 0. What is the remainder when 88 is divided by h?
7
Let v(g) be the first derivative of 8*g**4 - 5*g**3/3 + 3*g**2 - 2*g + 58. Calculate the remainder when 91 is divided by v(1).
29
Let h be 8/((-112)/(-231))*(-2)/(-3). Suppose -5*x + h = -14, -4*g = -4*x - 172. Let w = 24 + g. Calculate the remainder when w is divided by 7.
2
Let i = -11 - -89. Let k = i - 19. Calculate the remainder when k is divided by 32.
27
Let x = -5695 - -5722. What is the remainder when 384 is divided by x?
6
Suppose 0*g + g + 771 = 5*u, 3*u + g - 469 = 0. Suppose 2*a = -2*v + 4*a - 152, 2*v - a + u = 0. Let l = -50 - v. What is the remainder when 55 is divided by l?
26
Let i(w) = -w**2 + 36*w - 230. Calculate the remainder when 332 is divided by i(14).
20
Suppose 646 = 11*t - 3. Let k = 413 + -184. Calculate the remainder when k is divided by t.
52
Suppose 4*f - 652 = -4*u, -3*f + 10*u = 9*u - 501. Calculate the remainder when 3319 is divided by f.
165
Let y be 1*(-4 + 4)/4. Suppose -3*j + 219 = 3*p, 3*j + y*p = 5*p + 259. What is the remainder when 11 is divided by j/14 - 21/(-49)?
5
Suppose 165*b = -93 + 2568. What is the remainder when 3590 is divided by b?
5
Let c = -174 + 237. Suppose -8*t - c + 1263 = 0. What is the remainder when t is divided by 38?
36
Suppose -5*r + 473 = 2*x, -42*r + 43*r = -2*x + 453. What is the remainder when x is divided by 222?
2
Let r(s) = 1551*s + 586. What is the remainder when r(1) is divided by 356?
1
Suppose -9*l - 45 = -13*h + 8*h, -2*h = 5*l - 18. Calculate the remainder when 38 is divided by h.
2
Let p = -404 - -179. Let o = -130 - p. Let r = o + -87. What is the remainder when 31 is divided by r?
7
Let n(o) = -12*o**3 + 12*o**2 + 68*o + 200. What is the remainder when 2672 is divided by n(-4)?
8
Let y(h) = 76*h - 6693. What is the remainder when 299 is divided by y(90)?
5
Suppose 4*c = -i + 83, -58 = -i + 3*c + 25. Calculate the remainder when i is divided by 4*6 - (-16)/(-48)*-18.
23
Let b = -8 - -11. Let u(n) = 5*n**2 - 8*n + 17. Let v(l) = 4*l**2 - 8*l + 16. Let f(o) = 3*u(o) - 4*v(o). Calculate the remainder when f(4) is divided by b.
0
Let r(z) = 2*z**2 - 77*z + 50. Let x = 182 - 126. What is the remainder when x is divided by r(38)?
8
Suppose -3*j + 0*j - s = -19, -12 = -3*s. Suppose 0 = j*r - 26*m + 21*m - 970, 3*m + 9 = 0. Calculate the remainder when r is divided by 39.
35
Let a(g) = 77*g - 4. Let u be a(1). Suppose -p + 2*p - 2 = 0, 5*p = 3*l + u. Let h = l - -36. Calculate the remainder when 44 is divided by h.
14
Let t = 3548 + -3287. What is the remainder when 270 is divided by t?
9
Let l = 483 - -481. Let v = l - 855. Calculate the remainder when v is divided by 9.
1
Let 